{"id":117,"date":"2024-12-06T12:00:41","date_gmt":"2024-12-06T12:00:41","guid":{"rendered":"http:\/\/coachba.de\/?page_id=117"},"modified":"2025-03-09T13:24:18","modified_gmt":"2025-03-09T13:24:18","slug":"ueber-mich","status":"publish","type":"page","link":"http:\/\/coachba.de\/?page_id=117","title":{"rendered":"\u00dcber mich"},"content":{"rendered":"<p>[et_pb_section fb_built=&#8220;1&#8243; admin_label=&#8220;Hero&#8220; _builder_version=&#8220;4.27.4&#8243; use_background_color_gradient=&#8220;on&#8220; background_color_gradient_direction=&#8220;90deg&#8220; background_color_gradient_stops=&#8220;rgba(240,242,246,0.5) 0%|rgba(255,255,255,0) 100%&#8220; background_color_gradient_start=&#8220;rgba(240,242,246,0.5)&#8220; background_color_gradient_end=&#8220;rgba(255,255,255,0)&#8220; custom_margin=&#8220;3%||||false|false&#8220; custom_padding=&#8220;0|0px|0|0px|false|false&#8220; global_colors_info=&#8220;{}&#8220;][et_pb_row column_structure=&#8220;1_2,1_2&#8243; padding_top_bottom_link_1=&#8220;true&#8220; _builder_version=&#8220;4.16&#8243; custom_padding=&#8220;0|0px|0|0px|false|false&#8220; global_colors_info=&#8220;{}&#8220;][et_pb_column type=&#8220;1_2&#8243; _builder_version=&#8220;4.16&#8243; background_color_gradient_direction=&#8220;270deg&#8220; background_color_gradient_start=&#8220;#ffffff&#8220; background_color_gradient_end=&#8220;rgba(255,255,255,0.8)&#8220; custom_padding=&#8220;6vw||6vw|&#8220; custom_padding_tablet=&#8220;|5%||5%||true&#8220; custom_padding_phone=&#8220;|7%||7%||true&#8220; global_colors_info=&#8220;{}&#8220; padding_phone=&#8220;|7%||7%||true&#8220; padding_tablet=&#8220;|5%||5%||true&#8220; custom_padding__hover=&#8220;|||&#8220;][et_pb_text _builder_version=&#8220;4.22.1&#8243; text_font=&#8220;||||||||&#8220; text_font_size=&#8220;16px&#8220; text_line_height=&#8220;1.9em&#8220; header_font=&#8220;||||||||&#8220; header_2_font=&#8220;|700|||||||&#8220; header_2_text_color=&#8220;#005F6A&#8220; header_2_font_size=&#8220;40px&#8220; header_2_line_height=&#8220;1.5em&#8220; header_3_font=&#8220;|700||on|||||&#8220; header_3_text_color=&#8220;#6D8B8C&#8220; header_3_font_size=&#8220;20px&#8220; header_3_line_height=&#8220;1.5em&#8220; header_6_font=&#8220;||||||||&#8220; max_width=&#8220;600px&#8220; max_width_last_edited=&#8220;off|desktop&#8220; custom_margin=&#8220;|||&#8220; custom_padding=&#8220;|||&#8220; header_2_font_size_tablet=&#8220;30px&#8220; header_2_font_size_phone=&#8220;24px&#8220; header_2_font_size_last_edited=&#8220;on|phone&#8220; header_3_font_size_tablet=&#8220;50px&#8220; header_3_font_size_phone=&#8220;32px&#8220; header_3_font_size_last_edited=&#8220;off|desktop&#8220; locked=&#8220;off&#8220; global_colors_info=&#8220;{}&#8220;]<\/p>\n<h2>\u00dcber Mich<\/h2>\n<h3>Systemischer Coach<\/h3>\n<p><span data-contrast=\"auto\">Ich habe Psychologie, Geschichts- und Politikwissenschaften sowie Sprachen studiert. Sp\u00e4ter habe ich zudem einen Lehrgang f\u00fcr das systemische Coaching absolviert. Schon w\u00e4hrend des Studiums entdeckte ich meine Leidenschaft daf\u00fcr, Sch\u00fclern individuell Spa\u00df an den F\u00e4chern und am Lernen zu vermitteln. Deshalb habe ich mich auf den Bereich \u201eNachhilfe\u201c bzw. Coaching spezialisiert, um mit jungen Menschen gezielt arbeiten zu k\u00f6nnen, anstatt sie im Unterricht sozusagen \u201edutzendweise abzufertigen\u201c. Meine Schwerpunkte dabei waren und sind die Sprachen sowie Lernstrategien, aber auch Mathematik liegt mir (zumindest bis zur 9.\/10. Klasse). Ich hatte als Sch\u00fclerin das Gl\u00fcck, viele Methoden kennen zu lernen, die das Lernen leichter und lustiger machen \u2013 das wollte ich immer schon weitergeben und m\u00f6chte es auch weiterhin!\u00a0<\/span><span data-ccp-props=\"{&quot;335559739&quot;:0}\">\u00a0<\/span><\/p>\n<p><span data-contrast=\"auto\">Ebenso k\u00fcmmere ich mich seit einigen Jahren gern um Studierende, denen ich zeige, dass die Regeln des wissenschaftlichen Arbeitens und die Erstellung von Seminararbeiten keine Hexerei sind.<\/span><span data-ccp-props=\"{&quot;335559739&quot;:0}\">\u00a0<\/span><\/p>\n<p>[\/et_pb_text][et_pb_text _builder_version=&#8220;4.23&#8243; text_font=&#8220;||||||||&#8220; text_font_size=&#8220;16px&#8220; text_line_height=&#8220;1.9em&#8220; header_font=&#8220;||||||||&#8220; header_2_font=&#8220;|700|||||||&#8220; header_2_text_color=&#8220;#005F6A&#8220; header_2_font_size=&#8220;40px&#8220; header_2_line_height=&#8220;1.5em&#8220; header_6_font=&#8220;||||||||&#8220; max_width=&#8220;600px&#8220; max_width_last_edited=&#8220;off|desktop&#8220; module_alignment=&#8220;center&#8220; custom_margin=&#8220;||-55px||false|false&#8220; custom_padding=&#8220;|||&#8220; header_2_font_size_tablet=&#8220;30px&#8220; header_2_font_size_phone=&#8220;24px&#8220; header_2_font_size_last_edited=&#8220;on|phone&#8220; global_colors_info=&#8220;{}&#8220;]<\/p>\n<h2>Meine Vision und Mission<\/h2>\n<div data-canvas-width=\"35.654666666666664\"><strong>Meine Vision:<\/strong><\/div>\n<div data-canvas-width=\"585.2586666666667\">Alle jungen Menschen entdecken ihre wahren Talente<\/div>\n<div data-canvas-width=\"585.2586666666667\">&#8211; All young people discover their true talents<\/div>\n<div data-canvas-width=\"45.628\"><strong>Meine Mission:<\/strong><\/div>\n<div data-canvas-width=\"585.6253333333334\">Wir helfen Euch dabei, Eure wahren Talente zu entdecken und zu nutzen<\/div>\n<div data-canvas-width=\"585.6253333333334\">&#8211; We help you to discover and to use your true talents<\/div>\n<p>[\/et_pb_text][\/et_pb_column][et_pb_column type=&#8220;1_2&#8243; _builder_version=&#8220;4.16&#8243; background_color_gradient_start=&#8220;#3550a0&#8243; background_color_gradient_start_position=&#8220;25%&#8220; background_color_gradient_end=&#8220;rgba(240,242,246,0)&#8220; background_color_gradient_end_position=&#8220;25%&#8220; custom_padding=&#8220;|||&#8220; custom_padding_tablet=&#8220;|0px||0px|false|true&#8220; global_colors_info=&#8220;{}&#8220; padding_tablet=&#8220;|0px||0px|false|true&#8220; custom_padding__hover=&#8220;|||&#8220;][et_pb_image src=&#8220;http:\/\/coachba.de\/wp-content\/uploads\/2024\/09\/3X9A0065_web.jpg&#8220; alt=&#8220;\u00dcber mich, Werte, Arbeitsweise, Coaching&#8220; title_text=&#8220;3X9A0065_web&#8220; align_tablet=&#8220;center&#8220; align_phone=&#8220;center&#8220; align_last_edited=&#8220;on|desktop&#8220; _builder_version=&#8220;4.27.4&#8243; use_background_color_gradient=&#8220;on&#8220; background_color_gradient_stops=&#8220;#005f6a 1%|#005f6a 23%|rgba(240,242,246,0) 23%&#8220; background_color_gradient_start=&#8220;#3550a0&#8243; background_color_gradient_start_position=&#8220;25%&#8220; background_color_gradient_end=&#8220;rgba(240,242,246,0)&#8220; background_color_gradient_end_position=&#8220;25%&#8220; max_width_last_edited=&#8220;off|desktop&#8220; custom_padding=&#8220;|||60px&#8220; animation_style=&#8220;fade&#8220; animation_direction=&#8220;top&#8220; hover_enabled=&#8220;0&#8243; box_shadow_style=&#8220;preset4&#8243; box_shadow_horizontal=&#8220;120px&#8220; box_shadow_vertical=&#8220;120px&#8220; box_shadow_spread=&#8220;-60px&#8220; box_shadow_color=&#8220;#f0f2f6&#8243; global_colors_info=&#8220;{}&#8220; max_height_last_edited=&#8220;on|phone&#8220; max_height_tablet=&#8220;438px&#8220; sticky_enabled=&#8220;0&#8243; max_height_phone=&#8220;393px&#8220;][\/et_pb_image][\/et_pb_column][\/et_pb_row][\/et_pb_section][et_pb_section fb_built=&#8220;1&#8243; admin_label=&#8220;About&#8220; _builder_version=&#8220;4.23&#8243; custom_padding=&#8220;0%|0px||0px|false|false&#8220; global_colors_info=&#8220;{}&#8220;][et_pb_row _builder_version=&#8220;4.23&#8243; custom_margin=&#8220;15px||15px||true|false&#8220; locked=&#8220;off&#8220; global_colors_info=&#8220;{}&#8220;][et_pb_column type=&#8220;4_4&#8243; _builder_version=&#8220;4.16&#8243; custom_padding=&#8220;|||&#8220; global_colors_info=&#8220;{}&#8220; custom_padding__hover=&#8220;|||&#8220;][dsm_text_divider header=&#8220;Konfuzius&#8220; color=&#8220;#005F6A&#8220; _builder_version=&#8220;4.22.1&#8243; _module_preset=&#8220;default&#8220; header_text_color=&#8220;#005F6A&#8220; global_colors_info=&#8220;{}&#8220;][\/dsm_text_divider][et_pb_text _builder_version=&#8220;4.23&#8243; text_font=&#8220;|700|on||||||&#8220; text_text_color=&#8220;#005F6A&#8220; text_font_size=&#8220;25px&#8220; text_line_height=&#8220;1.5em&#8220; text_orientation=&#8220;center&#8220; max_width=&#8220;820px&#8220; module_alignment=&#8220;center&#8220; text_font_size_tablet=&#8220;30px&#8220; text_font_size_phone=&#8220;24px&#8220; text_font_size_last_edited=&#8220;on|desktop&#8220; locked=&#8220;off&#8220; global_colors_info=&#8220;{}&#8220;]<\/p>\n<div data-canvas-width=\"331.4666666666668\">\u201eBildung schafft Vertrauen. Vertrauen schafft Hoffnung.<\/div>\n<div data-canvas-width=\"237.55600000000004\">Hoffnung schafft Frieden.\u201c<\/div>\n<div data-canvas-width=\"237.55600000000004\">\u2013<\/div>\n<div data-canvas-width=\"237.55600000000004\">\u201eEducation<\/div>\n<div data-canvas-width=\"198.088\">creates trust. Trust creates hope.<\/div>\n<div data-canvas-width=\"194.9786666666667\">Hope creates peace.\u201c<\/div>\n<p>[\/et_pb_text][\/et_pb_column][\/et_pb_row][\/et_pb_section][et_pb_section fb_built=&#8220;1&#8243; admin_label=&#8220;Qualifications&#8220; _builder_version=&#8220;4.16&#8243; custom_padding=&#8220;0|0px||0px|false|false&#8220; global_colors_info=&#8220;{}&#8220;][et_pb_row column_structure=&#8220;1_2,1_2&#8243; use_custom_gutter=&#8220;on&#8220; padding_top_bottom_link_2=&#8220;true&#8220; padding_left_right_link_2=&#8220;false&#8220; _builder_version=&#8220;4.16&#8243; max_width=&#8220;80%&#8220; module_alignment=&#8220;left&#8220; custom_padding=&#8220;0|0px|0|0px|false|false&#8220; use_custom_width=&#8220;on&#8220; width_unit=&#8220;off&#8220; global_colors_info=&#8220;{}&#8220;][et_pb_column type=&#8220;1_2&#8243; _builder_version=&#8220;4.16&#8243; background_color_gradient_direction=&#8220;90deg&#8220; background_color_gradient_start=&#8220;#f0f2f6&#8243; background_color_gradient_start_position=&#8220;30%&#8220; background_color_gradient_end=&#8220;rgba(240,242,246,0)&#8220; background_color_gradient_end_position=&#8220;30%&#8220; custom_padding=&#8220;|||&#8220; global_colors_info=&#8220;{}&#8220; custom_padding__hover=&#8220;|||&#8220;][et_pb_image src=&#8220;http:\/\/coachba.de\/wp-content\/uploads\/2024\/09\/pexels-photo-267885.jpeg&#8220; title_text=&#8220;pexels-photo-267885&#8243; force_fullwidth=&#8220;on&#8220; align_tablet=&#8220;center&#8220; align_phone=&#8220;center&#8220; align_last_edited=&#8220;on|desktop&#8220; _builder_version=&#8220;4.27.4&#8243; use_background_color_gradient=&#8220;on&#8220; background_color_gradient_direction=&#8220;90deg&#8220; background_color_gradient_stops=&#8220;#f0f2f6 30%|rgba(240,242,246,0) 30%&#8220; background_color_gradient_start=&#8220;#f0f2f6&#8243; background_color_gradient_start_position=&#8220;30%&#8220; background_color_gradient_end=&#8220;rgba(240,242,246,0)&#8220; background_color_gradient_end_position=&#8220;30%&#8220; custom_padding=&#8220;60px||60px||true&#8220; animation_style=&#8220;slide&#8220; animation_direction=&#8220;left&#8220; animation_intensity_slide=&#8220;1%&#8220; box_shadow_style=&#8220;preset3&#8243; box_shadow_vertical=&#8220;80px&#8220; box_shadow_blur=&#8220;80px&#8220; box_shadow_spread=&#8220;-30px&#8220; global_colors_info=&#8220;{}&#8220;][\/et_pb_image][\/et_pb_column][et_pb_column type=&#8220;1_2&#8243; _builder_version=&#8220;4.16&#8243; background_color_gradient_direction=&#8220;90deg&#8220; background_color_gradient_start=&#8220;#dddddd&#8220; background_color_gradient_end=&#8220;rgba(221,221,221,0)&#8220; background_color_gradient_end_position=&#8220;5%&#8220; custom_padding=&#8220;6vw||6vw|&#8220; custom_padding_tablet=&#8220;|10%||10%|false|true&#8220; custom_padding_phone=&#8220;||||false|false&#8220; custom_padding_last_edited=&#8220;on|desktop&#8220; global_colors_info=&#8220;{}&#8220; padding_phone=&#8220;||||false|false&#8220; padding_tablet=&#8220;|10%||10%|false|true&#8220; padding_last_edited=&#8220;on|desktop&#8220; custom_padding__hover=&#8220;|||&#8220;][et_pb_text _builder_version=&#8220;4.23&#8243; text_font=&#8220;||||||||&#8220; text_font_size=&#8220;16px&#8220; text_line_height=&#8220;1.9em&#8220; header_font=&#8220;||||||||&#8220; header_2_font=&#8220;|700|||||||&#8220; header_2_text_color=&#8220;#005F6A&#8220; header_2_font_size=&#8220;40px&#8220; header_2_line_height=&#8220;1.5em&#8220; header_6_font=&#8220;||||||||&#8220; max_width=&#8220;600px&#8220; max_width_last_edited=&#8220;off|desktop&#8220; custom_margin=&#8220;|||&#8220; custom_padding=&#8220;|||&#8220; header_2_font_size_tablet=&#8220;30px&#8220; header_2_font_size_phone=&#8220;24px&#8220; header_2_font_size_last_edited=&#8220;on|phone&#8220; locked=&#8220;off&#8220; global_colors_info=&#8220;{}&#8220;]<\/p>\n<h2>Hol dir deine pers\u00f6nliche Erfolgsunterst\u00fctzung jetzt!<\/h2>\n<p><strong>Es ist an der Zeit, den ersten Schritt auf dem Weg zu deinem individuellen Erfolg in Schule, Studium, Ausbildung und Beruf zu machen &#8211; und zwar heute, nicht morgen!<\/strong><strong><\/strong><\/p>\n<p>Unser individueller Einzelunterricht ist weit mehr als nur gew\u00f6hnliche Nachhilfe. Er bietet dir gezielte, pers\u00f6nliche Unterst\u00fctzung und motivierendes Lerncoaching, das dich noch weiter bringt!<\/p>\n<p>Vergiss die schnellen Crash-Kurse &#8211; mit unseren ma\u00dfgeschneiderten Pr\u00fcfungsvorbereitungen kannst du mehr erreichen. Egal, ob du dich auf deinen Schulabschluss, dein Abitur oder dein Studium vorbereitest, unsere Vorbereitungen sind die absolute Spitzenklasse.<\/p>\n<p>Unser systemisches Bewerbungscoaching geht weit \u00fcber das Erstellen einer neuen Bewerbungsmappe hinaus. Es ebnet dir den Weg in die Ausbildung und den Traumberuf oft schneller als du denkst!<\/p>\n<p>Und das Beste: Wir bieten individuelle F\u00f6rderprogramme f\u00fcr all unsere Leistungen an.<\/p>\n<p>Denk daran, dass sprechenden Menschen geholfen werden kann!<\/p>\n<p>Unsere F\u00f6rderberatung ist Anfangs f\u00fcr dich komplett kostenfrei.<\/p>\n<p>Jetzt ist der perfekte Zeitpunkt, um deinen Erfolgsweg zu beginnen. Hol dir deine pers\u00f6nliche Unterst\u00fctzung und starte durch!<\/p>\n<ul><\/ul>\n<p>[\/et_pb_text][et_pb_button button_url=&#8220;#Kontaktformular&#8220; button_text=&#8220;Jetzt starten&#8220; _builder_version=&#8220;4.27.4&#8243; custom_button=&#8220;on&#8220; button_text_size=&#8220;16px&#8220; button_text_color=&#8220;#ffffff&#8220; button_bg_color=&#8220;#005F6A&#8220; button_border_width=&#8220;10px&#8220; button_border_color=&#8220;rgba(210,159,104,0)&#8220; button_border_radius=&#8220;100px&#8220; button_font=&#8220;|900|||||||&#8220; button_use_icon=&#8220;off&#8220; button_bg_color_hover=&#8220;#4159a0&#8243; locked=&#8220;off&#8220; global_colors_info=&#8220;{}&#8220; button_text_size__hover_enabled=&#8220;off&#8220; button_one_text_size__hover_enabled=&#8220;off&#8220; button_two_text_size__hover_enabled=&#8220;off&#8220; button_text_color__hover_enabled=&#8220;off&#8220; button_one_text_color__hover_enabled=&#8220;off&#8220; button_two_text_color__hover_enabled=&#8220;off&#8220; button_border_width__hover_enabled=&#8220;off&#8220; button_one_border_width__hover_enabled=&#8220;off&#8220; button_two_border_width__hover_enabled=&#8220;off&#8220; button_border_color__hover_enabled=&#8220;off&#8220; button_one_border_color__hover_enabled=&#8220;off&#8220; button_two_border_color__hover_enabled=&#8220;off&#8220; button_border_radius__hover_enabled=&#8220;off&#8220; button_one_border_radius__hover_enabled=&#8220;off&#8220; button_two_border_radius__hover_enabled=&#8220;off&#8220; button_letter_spacing__hover_enabled=&#8220;off&#8220; button_one_letter_spacing__hover_enabled=&#8220;off&#8220; button_two_letter_spacing__hover_enabled=&#8220;off&#8220; button_bg_color__hover_enabled=&#8220;on|hover&#8220; button_bg_color__hover=&#8220;#A5C2C3&#8243; button_one_bg_color__hover_enabled=&#8220;off&#8220; button_two_bg_color__hover_enabled=&#8220;off&#8220; button_bg_enable_color__hover=&#8220;on&#8220;]<\/p>\n<h1>About Anthony<\/h1>\n<h3>Business CoacH<\/h3>\n<p>Lorem ipsum dolor sit amet, consectetur adipiscing elit, sed do eiusmod tempor incididunt ut labore et dolore magna aliqua. Ut enim ad minim veniam. Lorem ipsum dolor sit amet, cons<\/p>\n<p>[\/et_pb_button][\/et_pb_column][\/et_pb_row][\/et_pb_section]<\/p>\n","protected":false},"excerpt":{"rendered":"<p>\u00dcber Mich Systemischer Coach Ich habe Psychologie, Geschichts- und Politikwissenschaften sowie Sprachen studiert. Sp\u00e4ter habe ich zudem einen Lehrgang f\u00fcr das systemische Coaching absolviert. Schon w\u00e4hrend des Studiums entdeckte ich meine Leidenschaft daf\u00fcr, Sch\u00fclern individuell Spa\u00df an den F\u00e4chern und am Lernen zu vermitteln. Deshalb habe ich mich auf den Bereich \u201eNachhilfe\u201c bzw. Coaching spezialisiert, [&hellip;]<\/p>\n","protected":false},"author":1,"featured_media":0,"parent":0,"menu_order":0,"comment_status":"closed","ping_status":"open","template":"","meta":{"_et_pb_use_builder":"on","_et_pb_old_content":"","_et_gb_content_width":"","footnotes":""},"class_list":["post-117","page","type-page","status-publish","hentry"],"yoast_head":"<!-- This site is optimized with the Yoast SEO plugin v27.6 - https:\/\/yoast.com\/product\/yoast-seo-wordpress\/ -->\n<title>\u00dcber mich - coachBA<\/title>\n<meta name=\"robots\" content=\"index, follow, max-snippet:-1, max-image-preview:large, max-video-preview:-1\" \/>\n<link rel=\"canonical\" href=\"http:\/\/coachba.de\/?page_id=117\" \/>\n<meta property=\"og:locale\" content=\"de_DE\" \/>\n<meta property=\"og:type\" content=\"article\" \/>\n<meta property=\"og:title\" content=\"\u00dcber mich - coachBA\" \/>\n<meta property=\"og:description\" content=\"\u00dcber Mich Systemischer Coach Ich habe Psychologie, Geschichts- und Politikwissenschaften sowie Sprachen studiert. Sp\u00e4ter habe ich zudem einen Lehrgang f\u00fcr das systemische Coaching absolviert. Schon w\u00e4hrend des Studiums entdeckte ich meine Leidenschaft daf\u00fcr, Sch\u00fclern individuell Spa\u00df an den F\u00e4chern und am Lernen zu vermitteln. Deshalb habe ich mich auf den Bereich \u201eNachhilfe\u201c bzw. Coaching spezialisiert, [&hellip;]\" \/>\n<meta property=\"og:url\" content=\"http:\/\/coachba.de\/?page_id=117\" \/>\n<meta property=\"og:site_name\" content=\"coachBA\" \/>\n<meta property=\"article:modified_time\" content=\"2025-03-09T13:24:18+00:00\" \/>\n<meta name=\"twitter:card\" content=\"summary_large_image\" \/>\n<meta name=\"twitter:label1\" content=\"Gesch\u00e4tzte Lesezeit\" \/>\n\t<meta name=\"twitter:data1\" content=\"8\u00a0Minuten\" \/>\n<script type=\"application\/ld+json\" class=\"yoast-schema-graph\">{\"@context\":\"https:\\\/\\\/schema.org\",\"@graph\":[{\"@type\":\"WebPage\",\"@id\":\"http:\\\/\\\/coachba.de\\\/?page_id=117\",\"url\":\"http:\\\/\\\/coachba.de\\\/?page_id=117\",\"name\":\"\u00dcber mich - coachBA\",\"isPartOf\":{\"@id\":\"https:\\\/\\\/coachba.de\\\/#website\"},\"datePublished\":\"2024-12-06T12:00:41+00:00\",\"dateModified\":\"2025-03-09T13:24:18+00:00\",\"breadcrumb\":{\"@id\":\"http:\\\/\\\/coachba.de\\\/?page_id=117#breadcrumb\"},\"inLanguage\":\"de\",\"potentialAction\":[{\"@type\":\"ReadAction\",\"target\":[\"http:\\\/\\\/coachba.de\\\/?page_id=117\"]}]},{\"@type\":\"BreadcrumbList\",\"@id\":\"http:\\\/\\\/coachba.de\\\/?page_id=117#breadcrumb\",\"itemListElement\":[{\"@type\":\"ListItem\",\"position\":1,\"name\":\"Start\",\"item\":\"https:\\\/\\\/coachba.de\\\/\"},{\"@type\":\"ListItem\",\"position\":2,\"name\":\"\u00dcber mich\"}]},{\"@type\":\"WebSite\",\"@id\":\"https:\\\/\\\/coachba.de\\\/#website\",\"url\":\"https:\\\/\\\/coachba.de\\\/\",\"name\":\"coachBA\",\"description\":\"Wir entdecken Talente\",\"potentialAction\":[{\"@type\":\"SearchAction\",\"target\":{\"@type\":\"EntryPoint\",\"urlTemplate\":\"https:\\\/\\\/coachba.de\\\/?s={search_term_string}\"},\"query-input\":{\"@type\":\"PropertyValueSpecification\",\"valueRequired\":true,\"valueName\":\"search_term_string\"}}],\"inLanguage\":\"de\"}]}<\/script>\n<!-- \/ Yoast SEO plugin. -->","yoast_head_json":{"title":"\u00dcber mich - coachBA","robots":{"index":"index","follow":"follow","max-snippet":"max-snippet:-1","max-image-preview":"max-image-preview:large","max-video-preview":"max-video-preview:-1"},"canonical":"http:\/\/coachba.de\/?page_id=117","og_locale":"de_DE","og_type":"article","og_title":"\u00dcber mich - coachBA","og_description":"\u00dcber Mich Systemischer Coach Ich habe Psychologie, Geschichts- und Politikwissenschaften sowie Sprachen studiert. Sp\u00e4ter habe ich zudem einen Lehrgang f\u00fcr das systemische Coaching absolviert. Schon w\u00e4hrend des Studiums entdeckte ich meine Leidenschaft daf\u00fcr, Sch\u00fclern individuell Spa\u00df an den F\u00e4chern und am Lernen zu vermitteln. Deshalb habe ich mich auf den Bereich \u201eNachhilfe\u201c bzw. Coaching spezialisiert, [&hellip;]","og_url":"http:\/\/coachba.de\/?page_id=117","og_site_name":"coachBA","article_modified_time":"2025-03-09T13:24:18+00:00","twitter_card":"summary_large_image","twitter_misc":{"Gesch\u00e4tzte Lesezeit":"8\u00a0Minuten"},"schema":{"@context":"https:\/\/schema.org","@graph":[{"@type":"WebPage","@id":"http:\/\/coachba.de\/?page_id=117","url":"http:\/\/coachba.de\/?page_id=117","name":"\u00dcber mich - coachBA","isPartOf":{"@id":"https:\/\/coachba.de\/#website"},"datePublished":"2024-12-06T12:00:41+00:00","dateModified":"2025-03-09T13:24:18+00:00","breadcrumb":{"@id":"http:\/\/coachba.de\/?page_id=117#breadcrumb"},"inLanguage":"de","potentialAction":[{"@type":"ReadAction","target":["http:\/\/coachba.de\/?page_id=117"]}]},{"@type":"BreadcrumbList","@id":"http:\/\/coachba.de\/?page_id=117#breadcrumb","itemListElement":[{"@type":"ListItem","position":1,"name":"Start","item":"https:\/\/coachba.de\/"},{"@type":"ListItem","position":2,"name":"\u00dcber mich"}]},{"@type":"WebSite","@id":"https:\/\/coachba.de\/#website","url":"https:\/\/coachba.de\/","name":"coachBA","description":"Wir entdecken Talente","potentialAction":[{"@type":"SearchAction","target":{"@type":"EntryPoint","urlTemplate":"https:\/\/coachba.de\/?s={search_term_string}"},"query-input":{"@type":"PropertyValueSpecification","valueRequired":true,"valueName":"search_term_string"}}],"inLanguage":"de"}]}},"_links":{"self":[{"href":"http:\/\/coachba.de\/index.php?rest_route=\/wp\/v2\/pages\/117","targetHints":{"allow":["GET"]}}],"collection":[{"href":"http:\/\/coachba.de\/index.php?rest_route=\/wp\/v2\/pages"}],"about":[{"href":"http:\/\/coachba.de\/index.php?rest_route=\/wp\/v2\/types\/page"}],"author":[{"embeddable":true,"href":"http:\/\/coachba.de\/index.php?rest_route=\/wp\/v2\/users\/1"}],"replies":[{"embeddable":true,"href":"http:\/\/coachba.de\/index.php?rest_route=%2Fwp%2Fv2%2Fcomments&post=117"}],"version-history":[{"count":15,"href":"http:\/\/coachba.de\/index.php?rest_route=\/wp\/v2\/pages\/117\/revisions"}],"predecessor-version":[{"id":329,"href":"http:\/\/coachba.de\/index.php?rest_route=\/wp\/v2\/pages\/117\/revisions\/329"}],"wp:attachment":[{"href":"http:\/\/coachba.de\/index.php?rest_route=%2Fwp%2Fv2%2Fmedia&parent=117"}],"curies":[{"name":"wp","href":"https:\/\/api.w.org\/{rel}","templated":true}]}}